ase 7) to base 6
-120241542
What is 5530027 (base 10) in base 12?
1a282b7
14620201 (base 7) to base 3
2122010021111
What is 5d2718 (base 14) in base 8?
14141022
What is -25ac (base 14) in base 8?
-14734
-90578 (base 11) to base 3
-20201200220
Convert -100121200010 (base 3) to base 2.
-101110001101110100
Convert -10000000001100000 (base 2) to base 5.
-4100012
Convert -158445 (base 15) to base 9.
-1855222
Convert -112213202223 (base 4) to base 2.
-10110100111100010101011
13775025 (base 9) to base 4
122011332212
Convert 10010111101101000000 (base 2) to base 15.
c41a1
Convert 1cd623 (base 14) to base 6.
34110515
-98693 (base 13) to base 8
-1032457
100111111010111110010 (base 2) to base 3
2110110102212
What is 6034410 (base 9) in base 2?
1100010000000100111010
Convert 5c5ed (base 15) to base 2.
1001000000000111101
Convert 2181378 (base 9) to base 4.
10132332212
Convert -28b7c (base 16) to base 15.
-3463a
11314250 (base 7) to base 14
1bcb27
What is -46630 (base 15) in base 12?
-a9869
-28a1525 (base 12) to base 2
-11111001011001110101101
What is 39b889 (base 14) in base 8?
7460661
1a487a7 (base 12) to base 8
25203157
What is -132424606 (base 7) in base 15?
-b3ba3a
Convert 317589 (base 13) to base 16.
11ae79
What is 200323101 (base 4) in base 10?
134865
What is -51a716 (base 12) in base 5?
-312030302
What is 144321240 (base 5) in base 8?
2754375
Convert 9ad47b (base 15) to base 10.
7385516
What is 3a1269 (base 13) in base 5?
324331421
12031332420 (base 5) to base 9
28186130
c15c87 (base 13) to base 6
240220213
11645733 (base 8) to base 16
274bdb
-20a2ba3 (base 14) to base 6
-1311100255
-110350543 (base 6) to base 16
-1e5bbf
What is -111626505 (base 7) in base 16?
-67f8f9
What is 44651 (base 7) in base 4?
2300222
123112210333 (base 4) to base 10
7170367
What is 2e2c7d (base 15) in base 3?
11012122200101
What is 303ec9 (base 15) in base 16?
22f785
What is 250853 (base 10) in base 6?
5213205
-6150074 (base 9) to base 7
-36612223
Convert 25a104 (base 11) to base 4.
1203302212
What is 104500 (base 10) in base 6?
2123444
What is -1233330332 (base 4) in base 7?
-3616622
What is -1032101131 (base 4) in base 12?
-135651
-1031320301 (base 4) to base 13
-b2295
-63476 (base 10) to base 13
-22b7a
Convert 102113102323 (base 4) to base 12.
1741a77
What is 10011001000001010010011 (base 2) in base 12?
181986b
What is -45040532 (base 6) in base 13?
-3873bc
57340 (base 11) to base 6
1435533
10111011111000011001100 (base 2) to base 16
5df0cc
What is 10534124 (base 6) in base 8?
1170044
What is -109a1a3 (base 11) in base 5?
-442314444
Convert 4101412222 (base 5) to base 2.
11111011001110011111011
Convert -51860 (base 12) to base 13.
-396c6
-364025 (base 7) to base 11
-45829
2332232 (base 7) to base 8
1075541
270b7 (base 12) to base 10
53707
Convert 2001000211022 (base 3) to base 2.
100001000011100011111
What is 13b68b (base 12) in base 2?
1010000110100001011
What is -131222134 (base 5) in base 2?
-10011110010011100011
What is 1037485 (base 9) in base 5?
120303003
What is -62254620 (base 7) in base 3?
-100211101210010
What is 26741a7 (base 13) in base 7?
204523654
10102001202 (base 3) to base 8
203053
Convert 1554163 (base 7) to base 2.
110100100001110011
What is 30202002113 (base 4) in base 12?
112515b
12918651 (base 10) to base 9
26270046
What is 2a30a (base 15) in base 2?
100001001000000101
Convert -1047063 (base 9) to base 12.
-231879
Convert -10185ca (base 14) to base 3.
-112021122222110
Convert -3fde3 (base 16) to base 13.
-920c4
Convert 1301975 (base 11) to base 4.
20213011000
Convert -1f3cca (base 16) to base 5.
-1011002203
1021212112 (base 3) to base 14
939b
Convert 100001110110011110 (base 2) to base 6.
2545530
What is -15210615 (base 8) in base 5?
-1342243101
1b697 (base 12) to base 8
117423
Convert -71217 (base 11) to base 7.
-612302
What is 5041520 (base 6) in base 4?
322110120
-10232303000 (base 4) to base 11
-777906
2735343 (base 8) to base 4
2323223203
4a2 (base 16) to base 13
703
What is -a6548 (base 12) in base 8?
-652610
200120022111110 (base 3) to base 10
9867378
What is -10000001000011001000 (base 2) in base 3?
-222212002012
What is 4130455 (base 7) in base 10?
494842
-32141243 (base 5) to base 16
-42458
Convert -1245134422 (base 6) to base 3.
-1000212001101212
What is -101011001100000000001101 (base 2) in base 11?
-64329a3
What is 404122402 (base 6) in base 5?
3232303114
-11101011111101110011100 (base 2) to base 8
-35375634
What is -2133013120 (base 4) in base 14?
-12d728
567062 (base 8) to base 12
93182
13223132002 (base 4) to base 10
2013058
What is 146696 (base 10) in base 9?
243205
17703370 (base 9) to base 6
515055100
Convert -309265 (base 10) to base 6.
-10343441
38318 (base 9) to base 13
b969
Convert -3431 (base 8) to base 12.
-1075
Convert 4402213001 (base 5) to base 13.
1c47926
Convert -14305404 (base 6) to base 7.
-4113553
-1125634 (base 7) to base 2
-100010011111101100
Convert 82266 (base 12) to base 13.
5c328
What is 2732471 (base 11) in base 14?
8ab374
-116467 (base 10) to base 14
-30631
Convert -44063 (base 11) to base 4.
-33213111
Convert 14d32 (base 15) to base 2.
10000011000011001
What is -70032 (base 11) in base 8?
-310172
-b4223 (base 12) to base 15
-49ad3
Convert 21625076 (base 9) to base 7.
154660302
Convert -145435 (base 6) to base 12.
-827b
-17de2 (base 15) to base 10
-77387
What is 1046c3 (base 14) in base 6?
15442551
Convert -afbcc (base 16) to base 7.
-6055413
-10110000100111001 (base 2) to base 6
-1534345
-6667455 (base 8) to base 15
-257ac3
What is 52004342 (base 6) in base 14?
2ac658
Convert 10000011101111000111011 (base 2) to base 11.
2489251
Convert 307051 (base 13) to base 8.
4235554
446066 (base 12) to base 9
2038386
Convert 10003023202 (base 4) to base 2.
100000011001011100010
1362234 (base 7) to base 15
39490
Convert -10022021110102 (base 3) to base 4.
-12231000221
-1446213 (base 12) to base 13
-ac89cc
What is -1101001100 (base 3) in base 5?
-1331014
Convert -3331526 (base 8) to base 9.
-1617582
What is -515184 (base 12) in base 13?
-357a21
Convert -1101100100100011011000 (base 2) to base 3.
-20200202002200
Convert -19014 (base 12) to base 3.
-1211210121
What is 2012434 (base 7) in base 4?
322100032
What is 6634cf (base 16) in base 14?
c65063
103133201 (base 4) to base 6
1413345
-53718a8 (base 11) to base 15
-c68b92
What is 148959 (base 11) in base 6?
4543212
1201223211 (base 4) to base 8
1415345
What is -110200201002 (base 3) in base 9?
-420632
-422112431 (base 5) to base 11
-a98991
Convert 64978 (base 14) to base 5.
30241332
34e58a (base 16) to base 6
202145122
Convert -100001120020102 (base 3) to base 11.
-2798716
-615a6 (base 11) to base 14
-24a94
What is -3117c (base 13) in base 9?
-143826
What is 30342142 (base 5) in base 10?
246547
What is -980582 (base 13) in base 9?
-6642532
3581a (base 11) to base 12
25a13
-517604 (base 8) to base 6
-3403512
-5427623 (base 9) to base 2
-1011000110111110000101
a15100 (base 11) to base 14
306a23
-9ac72 (base 13) to base 15
-5847a
Convert 331312232 (base 4) to base 13.
8b421
What is 10025117 (base 8) in base 15?
2b98c3
What is 354320542 (base 6) in base 15?
8b5b38
84560 (base 9) to base 8
155067
-2004200 (base 5) to base 9
-47553
What is -2105155 (base 6) in base 11?
-6a8a5
-2468147 (base 11) to base 6
-231510320
Convert -253720 (base 9) to base 15.
-30800
Convert -211ab (base 13) to base 11.
-40889
10111000011011100001 (base 2) to base 9
1371221
4127321 (base 11) to base 8
33627010
What is 5243315 (base 7) in base 13?
191c66
What is -210203302 (base 4) in base 6?
-3113134
2355581 (base 11) to base 2
1111101010101001001101
What is -38771 (base 13) in base 5?
-11321114
What is 1200343 (base 5) in base 7?
121030
425566 (base 10) to base 6
13042114
What is 3022344 (base 5) in base 2?
1011110101011010
What is -201120011112222 (base 3) in base 9?
-21504488
-104279 (base 10) to base 3
-12022001012
What is 82a7 (base 14) in base 9?
33760
-6280da (base 16) to base 2
-11000101000000011011010
What is 14b2e6 (base 16) in base 3?
2112220210102
-214124102 (base 6) to base 15
-50bd92
What is 130021104 (base 7) in base 12?
2914a70
What is -1001001010010101011010 (base 2) in base 7?
-26261553
Convert -3511504 (base 9) to base 16.
-1cf333
What is 110000000000001100 (base 2) in base 11?
12